{"id":114,"date":"2020-03-19T09:47:34","date_gmt":"2020-03-19T09:47:34","guid":{"rendered":"http:\/\/angelamascarell.com\/?page_id=114"},"modified":"2020-03-19T11:05:48","modified_gmt":"2020-03-19T11:05:48","slug":"cursos-presenciales","status":"publish","type":"page","link":"https:\/\/angelamascarell.com\/index.php\/cursos-presenciales\/","title":{"rendered":"Cursos Presenciales"},"content":{"rendered":"\n<div class=\"wp-block-image\"><figure class=\"aligncenter size-large is-resized\"><img loading=\"lazy\" src=\"http:\/\/angelamascarell.com\/wp-content\/uploads\/2020\/03\/Dise\u00f1o-sin-t\u00edtulo-9-1024x102.png\" alt=\"\" class=\"wp-image-175\" width=\"1422\" height=\"141\" srcset=\"https:\/\/angelamascarell.com\/wp-content\/uploads\/2020\/03\/Dise\u00f1o-sin-t\u00edtulo-9-1024x102.png 1024w, https:\/\/angelamascarell.com\/wp-content\/uploads\/2020\/03\/Dise\u00f1o-sin-t\u00edtulo-9-300x30.png 300w, https:\/\/angelamascarell.com\/wp-content\/uploads\/2020\/03\/Dise\u00f1o-sin-t\u00edtulo-9-768x77.png 768w, https:\/\/angelamascarell.com\/wp-content\/uploads\/2020\/03\/Dise\u00f1o-sin-t\u00edtulo-9.png 1500w\" sizes=\"(max-width: 1422px) 100vw, 1422px\" \/><\/figure><\/div>\n\n\n\n<h1 class=\"has-text-align-center\">CURSOS PRESENCIALES<\/h1>\n\n\n\n<div style=\"height:51px\" aria-hidden=\"true\" class=\"wp-block-spacer\"><\/div>\n\n\n\n<div class=\"wp-block-columns\">\n<div class=\"wp-block-column\">\n<p class=\"has-text-color has-background has-text-align-center has-white-color has-neve-text-color-background-color\"><a href=\"#*REIKI\">CURSOS DE REIKI I, II, II<\/a><\/p>\n<\/div>\n\n\n\n<div class=\"wp-block-column\">\n<p class=\"has-text-color has-background has-text-align-center has-white-color has-neve-text-color-background-color\"><a href=\"#REIKI\">MAESTRIA REIKI<\/a><\/p>\n<\/div>\n\n\n\n<div class=\"wp-block-column\">\n<p class=\"has-text-color has-background has-text-align-center has-white-color has-neve-text-color-background-color\"><a href=\"#*BARRAS\">CURSO BARRAS ACCESS<\/a><\/p>\n<\/div>\n<\/div>\n\n\n\n<div style=\"height:146px\" aria-hidden=\"true\" class=\"wp-block-spacer\"><\/div>\n\n\n\n<div class=\"wp-block-columns\">\n<div class=\"wp-block-column\" style=\"flex-basis:36.25%\">\n<div class=\"wp-block-image\"><figure class=\"alignright size-large is-resized\"><img loading=\"lazy\" src=\"http:\/\/angelamascarell.com\/wp-content\/uploads\/2020\/03\/12509592_543626762481622_5045870573154675238_n-150x150-1.jpg\" alt=\"\" class=\"wp-image-56\" width=\"283\" height=\"283\"\/><\/figure><\/div>\n<\/div>\n\n\n\n<div class=\"wp-block-column\" style=\"flex-basis:55.75%\">\n<h2 id=\"*REIKI\">CURSOS DE REIKI<\/h2>\n\n\n\n<p>REIKI I, REIKI II, REIKI III, MAESTRIA<\/p>\n\n\n\n<div style=\"height:30px\" aria-hidden=\"true\" class=\"wp-block-spacer\"><\/div>\n\n\n\n<p> Pon un poco de Reiki en tu vida y transf\u00f3rmala<br> \u00bfSientes que necesitas cambios en tu vida?<br> \u00bfEl estr\u00e9s y las prisas forman parte de tu vida diaria?<br> \u00bfTe apetece lograr el equilibrio cuerpo\/mente a trav\u00e9s de una t\u00e9cnica muy sencilla?<br> <\/p>\n\n\n\n<p>DEL REIKI APRENDER\u00c1S A:<\/p>\n\n\n\n<ul><li>relajarte<\/li><li>transmitir esta energ\u00eda a otras personas<\/li><li>disminuir el estr\u00e9s y la tensi\u00f3n<\/li><li>aliviar dolores y contracturas<\/li><li>restaura tu equilibrio natural: f\u00edsico, emocional,   mental, psicol\u00f3gico y energ\u00e9tico.<br> \u00bfQu\u00e9 es?<br> Es un m\u00e9todo de transferencia de energ\u00eda para facilitar el bienestar f\u00edsico, emocional y espiritual de las personas. Se efect\u00faa mediante la imposici\u00f3n de manos para reconducir la energ\u00eda y reequilibrar el organismo, nuestro cuerpo activa su propio sistema de supervivencia, lo que contribuye a restablecer la salud y la vitalidad en el campo f\u00edsico, emocional, mental y espiritual.<br> En caso de enfermedad debe considerarse como una terapia complementaria de la medicina tradicional o de la terapia psicol\u00f3gica convencional<br> Aprender\u00e1s como manejar y dirigir la energ\u00eda para sanarte a ti mismo, a los dem\u00e1s y a tus mascotas.<br> Realizo todos los niveles.-<\/li><\/ul>\n\n\n\n<div style=\"height:30px\" aria-hidden=\"true\" class=\"wp-block-spacer\"><\/div>\n\n\n\n<p class=\"has-text-color has-background has-text-align-right has-white-color has-neve-text-color-background-color\"><a href=\"http:\/\/angelamascarell.com\/#*CONTACTO\">SOLICITA M\u00c1S INFORMACI\u00d3N<\/a><\/p>\n<\/div>\n\n\n\n<div class=\"wp-block-column\" style=\"flex-basis:8%\"><\/div>\n<\/div>\n\n\n\n<div style=\"height:100px\" aria-hidden=\"true\" class=\"wp-block-spacer\"><\/div>\n\n\n\n<div class=\"wp-block-columns\">\n<div class=\"wp-block-column\" style=\"flex-basis:36.25%\">\n<div class=\"wp-block-image\"><figure class=\"alignright size-large is-resized\"><img loading=\"lazy\" src=\"http:\/\/angelamascarell.com\/wp-content\/uploads\/2020\/03\/cerebro-300x214-1.jpg\" alt=\"\" class=\"wp-image-49\" width=\"356\" height=\"253\"\/><\/figure><\/div>\n<\/div>\n\n\n\n<div class=\"wp-block-column\" style=\"flex-basis:55.75%\">\n<div style=\"height:30px\" aria-hidden=\"true\" class=\"wp-block-spacer\"><\/div>\n\n\n\n<h2 id=\"*BARRAS\">CURSOS DE BARRAS ACCESS<\/h2>\n\n\n\n<p><strong>Barras de Acceso a la Consciencia<\/strong><\/p>\n\n\n\n<div style=\"height:30px\" aria-hidden=\"true\" class=\"wp-block-spacer\"><\/div>\n\n\n\n<p>La nueva forma de vivir que est\u00e1 revolucionando el mundo \u00bfest\u00e1s dispuesto a \u201cformatear\u201d tu mente y vaciar las \u201cpapeleras\u201d de todo lo innecesario?<\/p>\n\n\n\n<p>&nbsp;Es una t\u00e9cnica f\u00e1cil y potente para descargar la mente y todos los patrones&nbsp; que nos limitan a trav\u00e9s de 32 puntos  de la cabeza<\/p>\n\n\n\n<p>&nbsp;Cualquier problema o conflicto que est\u00e9s viviendo tiene que ver con la falta de informaci\u00f3n. Para resolverlo necesitas acceder&nbsp; a m\u00e1s conciencia<\/p>\n\n\n\n<p>&nbsp;El curso incluye:<\/p>\n\n\n\n<ul><li>Certificaci\u00f3n internacional de Barras de Access Consciousness,&nbsp;<\/li><li>&nbsp;v\u00e1lido en 174 pa\u00edses<\/li><li>Manual te\u00f3rico<\/li><li>Ficha y video con las posiciones de cada secuencia de&nbsp; la cabeza<\/li><li>Pr\u00e1cticas<\/li><li>Solo hay un nivel y puedes&nbsp; aplicarlo a nivel personal o profesional<br><\/li><\/ul>\n\n\n\n<div style=\"height:30px\" aria-hidden=\"true\" class=\"wp-block-spacer\"><\/div>\n\n\n\n<p class=\"has-text-color has-background has-text-align-right has-white-color has-neve-text-color-background-color\"><a href=\"http:\/\/angelamascarell.com\/#*CONTACTO\">SOLICITA M\u00c1S INFORMACI\u00d3N<\/a><\/p>\n<\/div>\n\n\n\n<div class=\"wp-block-column\" style=\"flex-basis:8%\"><\/div>\n<\/div>\n\n\n\n<p><\/p>\n","protected":false},"excerpt":{"rendered":"<p>CURSOS PRESENCIALES CURSOS DE REIKI I, II, II MAESTRIA REIKI CURSO BARRAS ACCESS CURSOS DE REIKI REIKI I, REIKI II, REIKI III, MAESTRIA Pon un poco de Reiki en tu vida y transf\u00f3rmala \u00bfSientes que necesitas cambios en tu vida? \u00bfEl estr\u00e9s y las prisas forman parte de tu vida diaria? \u00bfTe apetece lograr el&hellip;&nbsp;<a href=\"https:\/\/angelamascarell.com\/index.php\/cursos-presenciales\/\" class=\"\" rel=\"bookmark\">Leer m\u00e1s &raquo;<span class=\"screen-reader-text\">Cursos Presenciales<\/span><\/a><\/p>\n","protected":false},"author":1,"featured_media":0,"parent":0,"menu_order":0,"comment_status":"closed","ping_status":"closed","template":"","meta":[],"_links":{"self":[{"href":"https:\/\/angelamascarell.com\/index.php\/wp-json\/wp\/v2\/pages\/114"}],"collection":[{"href":"https:\/\/angelamascarell.com\/index.php\/wp-json\/wp\/v2\/pages"}],"about":[{"href":"https:\/\/angelamascarell.com\/index.php\/wp-json\/wp\/v2\/types\/page"}],"author":[{"embeddable":true,"href":"https:\/\/angelamascarell.com\/index.php\/wp-json\/wp\/v2\/users\/1"}],"replies":[{"embeddable":true,"href":"https:\/\/angelamascarell.com\/index.php\/wp-json\/wp\/v2\/comments?post=114"}],"version-history":[{"count":9,"href":"https:\/\/angelamascarell.com\/index.php\/wp-json\/wp\/v2\/pages\/114\/revisions"}],"predecessor-version":[{"id":207,"href":"https:\/\/angelamascarell.com\/index.php\/wp-json\/wp\/v2\/pages\/114\/revisions\/207"}],"wp:attachment":[{"href":"https:\/\/angelamascarell.com\/index.php\/wp-json\/wp\/v2\/media?parent=114"}],"curies":[{"name":"wp","href":"https:\/\/api.w.org\/{rel}","templated":true}]}}